- 7. Let o(w) = 5*w**3 + 3*w**2 - 8. Let f(l) = -5*o(l) + 6*r(l). Calculate f(-5).
18
Let q(o) = 3*o + 9. Let z(b) = -b - 5. Let v(p) = 2*q(p) + 5*z(p). Suppose -i = -3*i + 10. Determine v(i).
-2
Let u(i) = -i**2 + 5*i. Let t(q) = -q + 1. Let o be t(-2). Calculate u(o).
6
Let h(k) = -k**3 + 4*k**2 + k + 1. Let d be h(4). Suppose -d*x = 3 + 2. Let i(t) = t. Let o(q) = -16*q - 1. Let g(p) = -4*i(p) - o(p). What is g(x)?
-11
Suppose 4*q = 3*s + 2*s - 45, 20 = q + 5*s. Let w(y) = -2 - 2 - 4*y + 2*y + y. Determine w(q).
1
Let n be 1 + 0 + 1 + 2. Suppose 0 = a + n*a + 20. Let u(c) = 4*c + 5*c**2 - 5*c**3 + 6*c**3 - 6 + 1. What is u(a)?
-5
Let j(u) = 3*u**3 + 2*u**2 + 2*u + 1. Let c(w) = -3*w + 0*w + 0*w + 4*w. Let t be c(4). Suppose -t*p + 0*p = 2*y - 2, 2*p - y = -5. Calculate j(p).
-2
Let p(i) = 3*i**3 + 4*i**2 + i - 2. Let u(o) = 7*o**3 + 7*o**2 + o - 3. Let d(y) = 5*p(y) - 2*u(y). Let n be 1/(-2 - (-9)/5). Give d(n).
6
Suppose -2*n = -7 - 1. Suppose 0 = -5*m + 5, u - 2 = -n*m - 3. Let s(b) = -b - 2. Determine s(u).
3
Let x(h) = 5*h**2 - 29*h + 16. Let r(m) = -2*m**2 + 10*m - 5. Let t(s) = -8*r(s) - 3*x(s). Calculate t(-6).
-14
Let k be (-2)/4 - 15/(-6). Suppose 4*h + 0*h = 3*l + 27, 0 = -k*l + 4*h - 22. Let i(c) = -c. Calculate i(l).
5
Let c(l) = 9*l + 10. Let q(r) = -5*r - 5. Let f(k) = -3*c(k) - 5*q(k). Calculate f(-5).
5
Let p be (-30)/(-9) + (-1)/3. Let y(r) = -r. Let z be y(-1). Let w(o) = 0 + 2 - o + z - 1. Determine w(p).
-1
Suppose -25 = 14*q - 9*q. Let y(a) = -a**2 - 5*a + 5. Give y(q).
5
Let t = 2 - 0. Suppose t*y + 4*u - 4 = 0, 0*y - 3*u = 3*y - 3. Suppose y*q = -3*q - 6, q = 4*w + 14. Let d(a) = -a**3 - 5*a**2 - 3*a + 4. Calculate d(w).
0
Let v(f) = 3*f - 8. Let m be v(4). Let b(c) = -c**3 + 4*c**2 - 3. Give b(m).
-3
Suppose 10 = 5*r - 20. Let c(i) = i**2 - 5*i + 1. What is c(r)?
7
Let n(u) be the first derivative of u**2/2 - 2*u + 5. Give n(6).
4
Let s(x) be the first derivative of -4*x**3 + x**2/2 - x - 3. What is s(1)?
-12
Suppose -4*k = -5*k + 8. Let g(a) = a**3 - 7*a**2 - 8*a + 5. Let q be g(k). Suppose -1 - 22 = -q*w + j, 4*j = 8. Let y(s) = -s. Give y(w).
-5
Let c(k) = -k**2 - 8*k - 3. Let m = -6 + 0. What is c(m)?
9
Let g = 13 - 16. Let b(p) = -5*p**3 + 3*p**2 - 4*p + 2. Let f(w) = -9*w**3 + 6*w**2 - 7*w + 3. Let u(q) = g*f(q) + 5*b(q). Determine u(2).
7
Suppose -q + 5 = 3. Let y(x) = 0*x**2 + 3*x + 2 + x**2 + q*x**2. What is y(-2)?
8
Suppose 5*h - 4*h = -3. Let k = h + 7. Let b(w) = 0*w**3 + w - k*w**2 + w**3 - w**2. Calculate b(2).
-10
Let d(u) = -u**3 + 6*u**2 - 3*u**2 + 3 + u**2. Suppose -47*c = -5*l - 45*c + 10, 25 = 5*c. Calculate d(l).
3
Let j(n) = n**3 + n**2 - n - 1. Let p(u) = -2*u**3 + 5*u**2 - 7*u + 9. Let y(m) = -3*j(m) - p(m). Give y(-9).
-15
Let r(n) = -n - 3. Let q be r(-3). Let z(b) be the third derivative of b**5/60 - b**4/24 - b**3/2 - 26*b**2. Calculate z(q).
-3
Let h(s) = -s - 7. Let q(u) be the third derivative of u**5/60 + 11*u**4/24 + 5*u**3/6 + u**2. Let o be q(-10). Calculate h(o).
-2
Let b(k) = 0*k + 8*k**2 + 12*k + 8 - 4*k. Let u(n) = 6*n**2 + 1 - 5*n**2 - 3*n + 4*n. Let f(s) = -b(s) + 6*u(s). Give f(-2).
-6
Let q(o) be the first derivative of -4*o**3/3 + o**2 + o - 45. Give q(-1).
-5
Let n(f) = -f**3 - 4*f**2 + 3*f - 6. Suppose -2*s - 2*s = 3*o + 35, -s = 2*o + 15. Give n(o).
4
Let s = 40 + -34. Let l(v) = v**2 - 6*v + 5. What is l(s)?
5
Let k(d) = d**2 - d - 7. Let g(p) be the first derivative of 2*p**2 + p - 5. Let n be g(1). Calculate k(n).
13
Let i(x) = -130*x - 40. Let k(y) = 10*y + 3. Let c(o) = -3*i(o) - 40*k(o). Let u = 5 + -2. Suppose 2 = -5*g - u. Calculate c(g).
10
Let s(u) = -64 + u**2 - 6*u + 63 + 0*u. What is s(6)?
-1
Let i(n) = 3*n**2 - 9*n + 15*n - 10*n. Let s(a) = -a**2 + a. Let f(g) = 2*i(g) + 7*s(g). Give f(1).
-2
Suppose l + 2 + 1 = 0. Let t(k) = -2*k + 2. What is t(l)?
8
Let o(m) be the second derivative of 1/3*m**3 + 0 + 1/4*m**4 + m - 1/20*m**5 - 2*m**2. Let c(t) = -4*t + 47. Let j be c(11). Determine o(j).
2
Suppose 2*x = -2*n - 2, -4*n + 4*x + 3 - 31 = 0. Let f(h) = h**2 + 2*h + 2. Calculate f(n).
10
Let m = -1 - -2. Let z(p) = -4*p**3 - p**2 + 2*p - 1. Let f be z(m). Let i(n) = 0 - 3*n - 5*n**2 + 4*n**2 + 3. Determine i(f).
-1
Suppose -3*t = -5*t. Suppose 6 = -m - t*m. Let o(z) = z**2 + 7*z + 1. What is o(m)?
-5
Let m be -3 + 1 - -4 - -2. Let t(f) = 2*f**2 - 6*f. Let s be t(m). Let j be (s/6)/(1/(-3)). Let l(c) = 3*c + 6. Determine l(j).
-6
Let g be (-365)/(-75) + (-4)/(-30). Let x(n) = 4*n. Let l(y) = 15*y - 1. Let z(b) = 2*b - 2. Let s be z(-2). Let v(w) = s*l(w) + 22*x(w). Give v(g).
-4
Let v(b) = 9*b - 1. Let n = 19 + 7. Let q be 7/(-28) - n/(-8). Suppose 2*f - 5 = -q. Give v(f).
8
Suppose 4 = a - 0*a. Let d(m) = -m**2 + 3*m + 1. Give d(a).
-3
Let c(i) = i**3 + 11*i**2 - 14*i - 18. Let f be c(-12). Let s(j) = j**3 - 6*j**2 + 5. What is s(f)?
5
Let c be 2 - (8 + -4) - 1. Let u be -3 + (-8)/4 - c. Let w(k) = -5 + 0 - 2*k**2 + 3 - 3*k. What is w(u)?
-4
Let w(c) = 429 - 9*c - 11*c**2 - c**3 + c - 420. What is w(-10)?
-11
Let t(b) = -b - 13 + 1 + 5. Determine t(-5).
-2
Let c(j) be the third derivative of j**6/120 + j**5/30 - j**4/6 + 2*j**3/3 + 9*j**2. Determine c(-4).
-12
Let q(m) = m**3 - 7*m**2 + 9*m - 9. Let x = -9 + 9. Suppose 15 = 3*j - p - x*p, 2*p - 36 = -5*j. Calculate q(j).
9
Let i be (-62)/(-4) - 6/12. Suppose 3*q = -2*q + i. Let r(d) = -d**3 + 4*d**2 - 2. What is r(q)?
7
Let w(h) = h. Let f be (2/3)/(4/60). Suppose f = 4*q + q. Calculate w(q).
2
Let m(w) = 7*w**2 + w + 6. Let i(c) = 8*c**2 + 4*c + 6. Let j(f) = f. Let u(y) = i(y) - 3*j(y). Let k(v) = 7*m(v) - 6*u(v). Determine k(0).
6
Let v = -17 + 18. Let w(b) = -7*b. Give w(v).
-7
Let l be (-266)/931 + ((-23)/(-7) - 1). Let y(i) = 2*i + 0*i**2 + 2*i**2 - 4*i**2. What is y(l)?
-4
Let b(n) = -n**2 - 5*n - 2. Let o be (-2)/(1/((-9)/(-6))). Give b(o).
4
Suppose 5 = -4*a + 5*a. Let g(p) = 3 - 4*p + 4 - 2*p + 0*p + p**2. Calculate g(a).
2
Suppose -3*j - 1 - 5 = 0. Let m(w) = -2 - 4*w**2 - 12*w**3 + w**2 + 11*w**3 + w**2 - w. Determine m(j).
0
Let t(d) = d**2 - 2*d + d - 1 + 3*d. Let c(b) = -b - 10. Let a be c(-8). Let y be t(a). Let w(s) = -2*s**2 - s - 1. Give w(y).
-2
Suppose -3*q = 5*y + 35, -3*q - 5 = -3*y - 2. Let l(w) = w + 1. Let z(v) be the third derivative of -4*v**3/3 - 5*v**2. Let p(x) = -l(x) + z(x). What is p(y)?
-5
Let g(m) = 3*m - 5. Let l(z) = z. Let v(y) = g(y) - 5*l(y). Let o(r) = -4*r - 11. Let w(i) = -2*o(i) + 5*v(i). Suppose 3*f = -1 - 14. Determine w(f).
7
Let x(w) = -w**2 - 8*w - 5. Let j = 4 - 4. Let p(l) = -l - 7. Let u be p(j). Give x(u).
2
Let r(g) = g - 192 + 194 - 2*g + 2*g. Let x(h) = -h - 7. Let y be x(-7). Calculate r(y).
2
Suppose -4 = i - 4*w, w + 0*w = -4*i + 18. Let c(r) = 2*r**2 - 4*r - 4. What is c(i)?
12
Let n be -2 - (-1 - (8 + -2)). Suppose 0 = y + w + 1, 2*w + w + n = -y. Let p(c) = 1 + c + c**3 + 2*c**2 + 2*c + y. Determine p(-2).
-4
Let m(n) = -n - 2. Let o be ((-2)/(-5) - 2)/((-2)/5). Calculate m(o).
-6
Let b(h) be the second derivative of h**3/6 + h**2/2 + 10*h. Determine b(-1).
0
Let u = 16 - 9. Let l(d) = -6 + 6 - u. Let o(p) = p. Let a(n) = -l(n) + 2*o(n). Give a(-5).
-3
Let w(c) be the second derivative of -c**5/20 - 2*c**4/3 - c**3 - 24*c. Give w(-7).
-7
Let m(j) = -3*j - 15. Let r be m(-3). Let t(b) = -b**2 - 7*b + 4. Determine t(r).
10
Suppose 0 = 5*v + 3*y - 52, -4*v - y + 1 + 35 = 0. Let c(w) = 0*w - 7*w**2 - w**3 - 4*w + 3*w - v. Give c(-7).
-1
Let c(s) = 20*s**2 - 5 - 10*s**2 - 11*s**2 + 8*s. What is c(4)?
11
Let w(h) = -h**2 - 4*h + 5. Suppose -3*p - 3*m - 12 = 0, 6*m + 8 = -2*p + 3*m. What is w(p)?
5
Let w(s) = 4*s**3 + 4*s**2 + 2*s - 1. Let a(g) = -9*g**3 - 9*g**2 - 5*g + 2. Let o(n) = 3*a(n) + 7*w(n). Determine o(-1).
0
Let f(j) = 19*j - 6. Let g(a) = 37*a - 13. Let p(y) = -9*f(y) + 4*g(y). Let t(d) = 3 - 1 - 11*d - 1. Let u(m) = 6*p(m) - 13*t(m). Give u(-2).
-11
Suppose -2*l + 12 = j, 0 = 3*j + 1 - 7. Suppose -b = b + 5*q + 8, 0 = -l*q - 10. Let k(g) = -16*g + 1. Give k(b).
-15
Suppose -10 = -0*j - 2*j - 4*p, 0 = -3*j - 5*p + 16. Let t(d) = d**3 - 8*d**2 + 9*d + 1. Calculate t(j).
15
Let o(g) = g**2 + 10. Let t be o(0). Let j = 13 - t. Let z(w) = w. Calculate z(j).
3
Let l(g) = -4*g - 4*g + g**2 + 4*g + 6*g. Give l(-1).
-1
Let k(f) = -6 - 3*f + 2 + 